 61*i - 3645. Calculate g(38).
117
Let t(l) = -224*l - 8826. Give t(-35).
-986
Let c(g) = g**3 - 184*g**2 + 1266*g - 2130. What is c(177)?
2649
Let x(b) = -32025*b - 1088839. What is x(-34)?
11
Let g(t) = -106*t - 7197. Give g(-70).
223
Let j(v) = -17*v**3 - 29*v**2 - 225*v - 56. Calculate j(-5).
2469
Let m(t) = 3597*t + 39666. What is m(-11)?
99
Let z(j) = 21978*j - 373588. Give z(17).
38
Let o(m) = -48*m**2 - 818*m - 781. What is o(-1)?
-11
Let h(o) = 242*o**2 + 7255*o - 50. Determine h(-30).
100
Let z(p) = -p**3 + 21*p**2 - 37*p - 95. Calculate z(4).
29
Let w(k) = 758*k + 2300. Give w(-3).
26
Let h(f) = 1262*f - 2960. Give h(2).
-436
Let g(t) = -18*t**2 + 403*t - 441. Determine g(21).
84
Let r(a) = 161*a**2 - 331*a - 335. Calculate r(-1).
157
Let r(u) = -2*u**2 - 320*u + 711. What is r(3)?
-267
Let o(a) = -2910*a + 90454. Determine o(31).
244
Let l(f) = -f**2 - 6*f + 1904394. Calculate l(-1383).
3
Let h(a) = 20*a**3 + 16*a**2 + 67*a - 52. Give h(-4).
-1344
Let h(u) = -u**3 - 23*u**2 + 176*u + 4. Give h(-29).
-54
Let n(l) = -1196*l + 302812. What is n(253)?
224
Let h(r) = -113*r + 10515. Give h(95).
-220
Let j(t) = -815*t**2 + 18142*t - 4652. What is j(22)?
12
Let b(o) = 2*o**3 + 1513*o**2 + 3787*o + 12812. Determine b(-754).
-6
Let t(y) = -2*y**3 + 139*y**2 - 2415*y + 131. Give t(34).
97
Let r(z) = 4*z**2 - 22662*z + 203796. Give r(9).
162
Let o(t) = -2468*t - 284205. Calculate o(-115).
-385
Let q(u) = 3*u**2 + 9414*u - 18820. Determine q(2).
20
Let v(s) = 96665*s + 773312. Calculate v(-8).
-8
Let z(a) = a**2 + 1517*a - 92987. Calculate z(59).
-3
Let w(n) = -67*n**2 - 163*n + 322. Give w(2).
-272
Let z(q) = -q**3 + 44*q**2 - 482*q + 613. Give z(22).
657
Let w(d) = -541*d - 66112. What is w(-125)?
1513
Let h(g) = -7508899*g - 45053385. What is h(-6)?
9
Let b(m) = -14*m**2 - 2*m + 248. Calculate b(-10).
-1132
Let u(q) = -q**3 + 77*q**2 + 496*q - 49. Give u(83).
-215
Let n(b) = 5*b**2 - 472*b + 6773. Determine n(76).
-219
Let j(m) = -5*m**2 + 215*m + 3408. Determine j(-16).
-1312
Let b(x) = -x**3 + 16*x**2 - 405*x + 26. What is b(0)?
26
Let m(t) = 3329*t + 675787. Calculate m(-203).
0
Let x(s) = -5293*s + 438847. Give x(83).
-472
Let s(w) = 18724*w + 280760. What is s(-15)?
-100
Let v(o) = -o**2 + 184787*o - 554368. Give v(3).
-16
Let o(r) = 7264*r + 203670. Determine o(-28).
278
Let i(v) = 6*v**2 - 293*v - 108. Calculate i(54).
1566
Let f(w) = -4*w**3 + 42*w**2 + 890*w - 146. What is f(21)?
22
Let p(f) = -248*f + 22094. Give p(74).
3742
Let n(h) = -212*h**2 + 1359*h - 1350. What is n(1)?
-203
Let o(j) = j**3 + 702*j**2 + 291*j + 204288. Calculate o(-702).
6
Let m(i) = 616*i**2 + 4308*i - 38. Calculate m(-7).
-10
Let j(o) = o**3 + 534*o**2 - 902*o + 91110. Determine j(-536).
-10
Let g(m) = m**3 + 11*m**2 - 1111*m + 470. Calculate g(28).
-62
Let n(l) = -l**3 + 140*l**2 + 21017*l + 567. Give n(231).
-357
Let y(q) = -995*q + 147266. Give y(148).
6
Let u(b) = 30*b**2 - 12755*b + 2114. Calculate u(425).
-11
Let k(j) = 11*j**3 + 39*j**2 - 10. Give k(-3).
44
Let r(x) = x**3 + 20*x**2 + 1746*x + 23301. Give r(-14).
33
Let m(d) = 17992*d - 72239. Determine m(4).
-271
Let m(z) = 1202*z - 395401. Calculate m(329).
57
Let v(x) = 6636*x + 11. Give v(0).
11
Let r(k) = -13*k**2 - 76547*k + 76547. Calculate r(1).
-13
Let h(f) = -29*f**2 + 217*f - 27. What is h(8)?
-147
Let g(o) = -96*o + 7694. Calculate g(88).
-754
Let w(v) = -796*v - 1221. Determine w(-2).
371
Let s(v) = 3010*v + 18746. Determine s(-6).
686
Let y(a) = -6407*a + 743221. Give y(116).
9
Let l(r) = r**2 - 107919*r - 539591. Calculate l(-5).
29
Let d(z) = -11*z**2 + 2469*z - 50985. Give d(23).
-17
Let r(v) = 6*v**3 + 138*v**2 + 113*v - 465. Determine r(-22).
-47
Let n(l) = 22*l**3 - 11*l**2 - 52*l + 22. Determine n(-4).
-1354
Let s(l) = -l**2 - 1161*l - 130411. Calculate s(-1035).
-1
Let g(t) = -1532*t - 461215. Give g(-301).
-83
Let b(o) = -o**3 + 76*o**2 + 240*o - 199. What is b(79)?
38
Let m(h) = -21*h**2 + 74*h + 891. Calculate m(-5).
-4
Let x(b) = 49*b**2 + 165*b + 1139. Give x(-9).
3623
Let n(f) = -96*f**2 - 2036*f - 428. Calculate n(-21).
-8
Let c(x) = -2*x**2 + 3457*x - 81863. What is c(24)?
-47
Let f(a) = 1903*a + 854446. Calculate f(-449).
-1
Let b(k) = 8*k**2 + 675*k + 14139. Determine b(-45).
-36
Let z(j) = j**3 - 49*j**2 + 580*j - 833. Give z(16).
-1
Let b(y) = 3*y**3 - 2701*y**2 - 1771*y - 27951. Give b(901).
-20
Let p(j) = -j**3 + 33*j**2 - 1004*j + 30962. What is p(32)?
-142
Let w(t) = -143956*t - 3454965. Determine w(-24).
-21
Let t(s) = -155329*s - 465956. Calculate t(-3).
31
Let r(m) = -39*m**3 - 52963*m**2 - 1350*m + 10888. What is r(-1358)?
24
Let f(k) = 490669*k - 20608106. Give f(42).
-8
Let o(m) = -m**2 + 567*m - 79438. Calculate o(253).
4
Let b(s) = 691*s - 18902. Calculate b(29).
1137
Let t(m) = -16*m**3 + 9676*m**2 + 2458*m - 22959. What is t(605)?
31
Let p(j) = 7*j**2 - 2979*j + 4634. What is p(424)?
-30
Let a(g) = -347*g + 2526. Calculate a(4).
1138
Let p(h) = 99900*h - 1898079. What is p(19)?
21
Let c(d) = 41*d**2 - 379*d + 758. What is c(2)?
164
Let u(b) = -2*b**3 + 29*b**2 + 160*b + 215. What is u(19)?
6
Let j(u) = 848*u**2 + 39854*u + 42. Give j(-47).
136
Let n(s) = -s**2 + 372*s - 34463. Determine n(174).
-11
Let u(p) = 134*p + 2435. Give u(-18).
23
Let b(q) = q**3 + 4*q**2 + 297*q + 596. What is b(-2)?
10
Let h(c) = -c**3 + 20*c**2 + 1005*c - 127. What is h(42)?
3275
Let p(d) = d**3 + 21*d - 3445. Determine p(0).
-3445
Let a(z) = -49*z**3 - 247*z**2 - 31*z - 131. Calculate a(-5).
-26
Let i(v) = -2*v**2 - 2656*v - 10595. Calculate i(-4).
-3
Let h(z) = -10559*z + 517270. What is h(49)?
-121
Let i(k) = -3*k**3 - 7*k**2 + 726*k + 4830. Give i(-11).
-10
Let w(a) = 156386*a + 1251093. Determine w(-8).
5
Let z(w) = 1666*w - 26680. Determine z(16).
-24
Let t(l) = -l**3 + 74*l**2 + 643*l - 762. Calculate t(82).
-1828
Let x(v) = -v**3 - 77*v**2 - 322*v - 33. Determine x(-4).
87
Let a(d) = 48*d**2 - 100*d - 196. Determine a(-2).
196
Let q(h) = 6*h**2 - 1252*h + 21226. Determine q(190).
-54
Let q(k) = -14*k**3 + 481*k**2 + 616*k - 26730. What is q(34)?
-6
Let j(z) = -6*z**3 - 1193*z**2 - 994*z - 791. Calculate j(-198).
1
Let k(o) = 812*o + 167180. Give k(-206).
-92
Let o(i) = i**3 + 567*i**2 + 1941*i + 749. Calculate o(-3).
2
Let p(v) = 63*v**2 + 165*v - 608. Calculate p(2).
-26
Let x(r) = -4*r**2 + 3689*r + 26195. Calculate x(-7).
176
Let p(n) = n**3 - 16*n**2 - 280*n + 3879. Determine p(12).
-57
Let v(y) = y**2 - 53*y - 4105. Determine v(-24).
-2257
Let y(h) = 3*h**3 - 278*h**2 - 790*h + 147. Determine y(-3).
-66
Let v(a) = -1767*a**3 + 6*a**2 + 14*a + 13. What is v(-1)?
1772
Let r(t) = -82*t + 7905. Determine r(97).
-49
Let r(l) = 41*l + 1428. Determine r(-40).
-212
Let x(z) = -10*z**3 + 400*z**2 + 5*z - 153. Determine x(40).
47
Let l(v) = 2*v**3 + 15*v**2 - 40*v + 90. Calculate l(-12).
-726
Let k(u) = -1823*u - 109467. What is k(-60)?
-87
Let c(p) = p**3 + 44*p**2 - 76*p - 142. Calculate c(-45).
1253
Let o(k) = 4*k**3 - 30*k**2 - 64*k + 103. Calculate o(9).
13
Let o(w) = 2*w**2 + 3812*w - 155580. Give o(40).
100
Let o(c) = c**3 - 118*c**2 - 239*c - 97. Calculate o(120).
23
Let p(j) = 3804*j**2 + 5500583*j - 1441. Calculate p(-1446).
5
Let f(h) = -94*h + 17123. Calculate f(182).
15
Let o(u) = -u**3 - 356*u**2 + 2458*u + 103533. Calculate o(-362).
1
Let p(n) = n**3 - 4*n**2 - 433*n + 3206. What is p(8)?
-2
Let c(f) = f**3 + 21*f**2 - 46*f - 750. What is c(-17)?
1188
Let p(c) = -4*c**2 + 177*c + 27. Determine p(45).
-108
Let s(u) = 10*u**3 + 33*u**2 - 153*u - 56. Give s(6).
2374
Let n(v) = 18*v**2 + 118423*v - 236917. What is n(2)?
1
Let l(p) = -139*p**2 - 10010*p - 144. What is l(-72)?
0
Let i(o) = 268842*o - 15055152. Calculate i(56).
0
Let q(x) = 7*x**3 - 187*x**2 + 106*x - 4271. Give q(27).
49
Let b(k) = -5690*k + 8779663. Calculate b(1543).
-7
Let p(j) = j**3 + j**2 + 34*j - 254. Give p(0).
-254
Let y(m) = 8*m**3 + 7*m**2 + 16*m + 38. Determine y(0).
38
Let t(b) = -b**3 + 29*b**2 - 147*b - 25. What is t(5)?
-160
Let i(o) = -44*o**2 + 89*o + 67. Determine i(3).
-62
Let o(u) = -22*u**2 + 5446*u - 21855. Give o(4).
-423
Let z(r) = 47*r - 2216. Determine z(40).
-336
Let s(c) = -c**3 - 14*c**2 - 6975*c - 97607. Give s(-14).
43
Let m(u) = -1214*u + 125061. Determine m(